100?
-33
In base 15, what is dec - -2?
dee
In base 3, what is -10 + -1010?
-1020
In base 15, what is 3 - 6d8?
-6d5
In base 10, what is 55 - -21?
76
In base 5, what is -23233 - -10?
-23223
In base 13, what is -49 - 27?
-73
In base 4, what is 113203 + 1?
113210
In base 6, what is 101 + -10?
51
In base 16, what is -18 + -19?
-31
In base 9, what is -3 + -61?
-64
In base 11, what is a73 - -2?
a75
In base 14, what is 3 - 8ab?
-8a8
In base 13, what is 12 - -1?
13
In base 2, what is 100 + -1101011?
-1100111
In base 12, what is -3 - -ab9?
ab6
In base 3, what is 211 + 11?
222
In base 15, what is 3 - -11a?
11d
In base 11, what is 6 + -2?
4
In base 8, what is -62 + -522?
-604
In base 12, what is 0 + 10?
10
In base 6, what is 4 - -2411?
2415
In base 2, what is -100010 - -10001?
-10001
In base 4, what is -1102 + 11?
-1031
In base 16, what is 4 + 1b2?
1b6
In base 16, what is 44 + 44?
88
In base 13, what is 8425 + 0?
8425
In base 14, what is 585 - 2?
583
In base 9, what is -1 + 1676?
1675
In base 16, what is -f6 + -1?
-f7
In base 12, what is -52a2 + 3?
-529b
In base 10, what is 1 - 351?
-350
In base 5, what is 2 - -232321?
232323
In base 7, what is -4 + 32?
25
In base 14, what is -2 + -c6?
-c8
In base 4, what is 1032 + 230?
1322
In base 13, what is b0 + -4?
a9
In base 7, what is -224 - 30?
-254
In base 2, what is 1110101011 + -1?
1110101010
In base 13, what is -14c + 88?
-94
In base 16, what is 4 - 0?
4
In base 11, what is -98 - 131?
-219
In base 15, what is -6 + c1?
ba
In base 4, what is 203300 + 11?
203311
In base 5, what is 1 + -202?
-201
In base 15, what is 5 + -1c27?
-1c22
In base 16, what is -22a - 0?
-22a
In base 7, what is -44 - 5?
-52
In base 5, what is 3000 + 0?
3000
In base 12, what is -5 - -6a4?
69b
In base 3, what is 100012010 + -11?
100011222
In base 14, what is -19 - -7?
-12
In base 6, what is 1032 - -3?
1035
In base 2, what is 11001000 - 101?
11000011
In base 13, what is 23b - 2?
239
In base 2, what is -100 - -111010?
110110
In base 7, what is -126 + -6?
-135
In base 16, what is -4 - b1?
-b5
In base 10, what is 54 - 4?
50
In base 5, what is 131113 - -4?
131122
In base 16, what is 5 + -3ef?
-3ea
In base 14, what is 37 + 52?
89
In base 14, what is 4 + 2d?
33
In base 4, what is -21 + 10110?
10023
In base 15, what is -9 + -2e0?
-2e9
In base 11, what is -180 - -2?
-179
In base 11, what is -6 + 18?
12
In base 2, what is -11001000 - -1?
-11000111
In base 8, what is 2 - -141?
143
In base 14, what is -6 - 391?
-397
In base 3, what is -10111 - 222?
-11110
In base 15, what is ab - -9?
b5
In base 9, what is -8 - -2?
-6
In base 6, what is 2 - -234?
240
In base 3, what is -2002 - 2?
-2011
In base 8, what is -434 + -6?
-442
In base 7, what is -102622 - -1?
-102621
In base 5, what is 211303 + 2?
211310
In base 7, what is -6034 + -1?
-6035
In base 14, what is 4 - 6?
-2
In base 13, what is 999 - -1?
99a
In base 6, what is 32 + -2014?
-1542
In base 5, what is -3 - 40?
-43
In base 7, what is -4460 + 4?
-4453
In base 14, what is -16d3 - 2?
-16d5
In base 14, what is -33 - 4?
-37
In base 5, what is -3 + -40?
-43
In base 5, what is -11141 - 3?
-11144
In base 5, what is -2222 + 2?
-2220
In base 12, what is -17 + -28b?
-2a6
In base 10, what is -1 - -92?
91
In base 4, what is -213012 + 11?
-213001
In base 2, what is 1010 + -1011?
-1
In base 3, what is 111202 - 221?
110211
In base 7, what is 106 + 102?
211
In base 14, what is 1b + -8?
13
In base 7, what is 5 + 3253?
3261
In base 12, what is -5 - -135?
130
In base 3, what is -120 - -1?
-112
In base 3, what is 1101111 - -2?
1101120
In base 3, what is 21120 - 11?
21102
In base 4, what is -202101 - 10?
-202111
In base 6, what is -1400 + 12?
-1344
In base 3, what is -21112 + 11010?
-10102
In base 4, what is 1120 + -2?
1112
In base 14, what is 1 - 97?
-96
In base 15, what is -c08 + -4?
-c0c
In base 3, what is 2110 - 12?
2021
In base 11, what is 4 - 28?
-24
In base 15, what is 40 + 0?
40
In base 15, what is -5c + -25?
-82
In base 2, what is 1001111 + 10?
1010001
In base 11, what is 113 + -5?
109
In base 9, what is 3 + -5?
-2
In base 5, what is -143 - 2202?
-2400
In base 3, what is -200 + 120?
-10
In base 10, what is -3 + -838?
-841
In base 7, what is 3 - 2653?
-2650
In base 13, what is 5 - 28?
-23
In base 4, what is -1111 - -13?
-1032
In base 2, what is 1 + 10001010?
10001011
In base 14, what is -158 - 4?
-15c
In base 2, what is -101 + -110100?
-111001
In base 7, what is -1241 + -5?
-1246
In base 12, what is -4 - -739?
735
In base 4, what is 23300 + 0?
23300
In base 8, what is -3 + 4?
1
In base 10, what is 1 + 593?
594
In base 8, what is -3 + -44?
-47
In base 10, what is 290 + 2?
292
In base 15, what is d + 60?
6d
In base 13, what is -a + 52?
45
In base 7, what is 1 + -303?
-302
In base 9, what is 25 + -363?
-337
In base 16, what is -d8 + 1b?
-bd
In base 16, what is e0 + 0?
e0
In base 15, what is 37 - -12?
49
In base 10, what is -345 + 17?
-328
In base 10, what is -27 + 36?
9
In base 7, what is 2 - -65?
100
In base 12, what is a7 - -3?
aa
In base 6, what is 5 - -23452?
23501
In base 10, what is 23 + -4?
19
In base 5, what is 20203 + -1?
20202
In base 14, what is 1 + -57a?
-579
In base 3, what is 11 - -100212?
101000
In base 9, what is 1 - 76?
-75
In base 14, what is 2 - -9?
b
In base 12, what is 8 + 460?
468
In base 15, what is 4 - -4d2?
4d6
In base 12, what is 22 + -1?
21
In base 12, what is -6 + 161?
157
In base 3, what is 0 + 2?
2
In base 10, what is 58 + -450?
-392
In base 11, what is 1 - -6971?
6972
In base 3, what is -11201 - -1122?
-10002
In base 6, what is -132 + 4?
-124
In base 8, what is -11613 + -5?
-11620
In base 13, what is -a + 2b?
21
In base 3, what is -11100220010 + 10?
-11100220000
In base 8, what is 527 - -3?
532
In base 13, what is -1 + -304?
-305
In base 11, what is 31 + 12?
43
In base 3, what is 0 - -1011001?
1011001
In base 2, what is -1111 - -100101?
10110
In base 16, what is 13 + -20?
-d
In base 9, what is 30 - 16?
13
In base 3, what is 10221 - 11?
10210
In base 11, what is -1 + -222?
-223
In base 15, what is 55 + -23?
32
In base 14, what is 2 - 239?
-237
In base 10, what is 80 - 9?
71
In base 5, what is 0 - -340?
340
In base 9, what is 1 - -5351?
5352
In base 14, what is 6 - 4?
2
In base 8, what is -41 - 4?
-45
In base 15, what is -4a + -d?
-58
In base 14, what is -9d + -1?
-a0
In base 14, what is -5b + 10?
-4b
In base 4, what is -1 + -303321?
-303322
In base 14, what is 2 - -120b?
120d
In base 5, what is -24 - 30322?
-30401
In base 8, what is -23 - -34?
11
In base 10, what is 1178 - 2?
1176
In base 2, what is 1111010 - 0?
1111010
In base 8, what is -511 + -2?
-513
In base 14, what is a8 - 1?
a7
In base 12, what is -15 + -6?
-1b
In base 4, what is 2100 - -10?
2110
In base 8, what is -53 + -24?
-77
In base 4, what is -11 + -201?
-212
In base 9, what is -5 + -120?
-125
In base 4, what is -10 - 1103021?
-1103031
In base 4, what is -122 + -1301?
-2023
In base 4, what is -2231 - 11?
-2302
In base 6, what is 4 + 31?
35
In base 3, what is -12 - -1212?
1200
In base 8, what is -113 - 12?
-125
In base 2, what is -1 - 101?
-110
In base 14, what is -180 + -11?
-191
In base 7, what is 2 + -520?
-515
In base 15, what is -7 + -4d?
-55
In base 7, what is -2 + 462?
460
In base 5, what is 111122 - 4?
111113
In base 14, what is cab - -1?
cac
In base 9, what is 4 + 70?
74
In base 13, what is 3 + 955?
958
In base 7, what is 1120 - -43?
1163
In base 6, what is 5 + 50?
55
In base 8, what is 1 + -122?
-121
In base 7, what is 242 + 13?
255
In base 6, what is -534 + -1?
-535
In base 15, what is -2 - -6?
4
In base 2, what is 1111011001111 - 0?
1111011001111
In base 8, what is -662 - 14?
-676
In base 15, what is -12 + 5?
-c
In base 6, what is -5340 + -5?
-5345
In base 12, what is a5 + -4a?
57
In base 4, what is 21 - 121?
-100
In base 5, what is 130 + 1030?
1210
In base 7, what is 4 + 5325?
5332
In base 10, what is 4694 - -4?
4698
In base 13, what is -1 - 116a?
-116b
In base 6, what is -5 - 21214?
-21223
In base 7, what is 1 + -60?
-56
In base 8, what is 20 + 14?
34
In base 2, what is -1010101 + 1?
-1010100
In base 12, what is 2 - 83?
-81
In base 5, what is -31 - -144?
113
In base 5, what is 1 + -1131?
-1130
In base 4, what is -1321 - 1321?
-3302
In base 4, what is -1000 + -132?
-1132
In base 5, what is 10030 + -2?
10023
In ba